= -p**2 - 8*p + 9. Let u be f(-8). Suppose 2*z + m - 28 = 3*m, 2*m = z - u. What is the tens digit of z?
1
What is the tens digit of 3 + 0 + (32 - -17)?
5
Let a(p) = p**2 + p + 1. Suppose 2*t - 6*t = 8. Let s(h) = -h**2 + h - 4. Let y(j) = t*a(j) - s(j). What is the units digit of y(-3)?
2
Suppose -h + 14 = -13. What is the units digit of h?
7
Suppose -3*h - 15 = 0, 5*m - 4*h = 37 + 138. What is the tens digit of m?
3
Suppose 0 = 2*k + 3*k - 4*b - 237, 0 = k + b - 42. Suppose 4*l = l + k. What is the tens digit of l?
1
Let v be 49 + 2/(-4 + 2). Suppose -u - 3*u = -v. What is the tens digit of u?
1
Let f(c) = -10*c + 1. Let p be f(-1). Suppose 0 = -5*k - m + p, -3*k = -3*m + 2*m - 5. What is the units digit of k?
2
Let o be (14/(-4))/((-5)/(-40)). Let y be (1/(-2))/(2/o). Let f = -5 + y. What is the units digit of f?
2
Let a = -120 - -204. What is the tens digit of a?
8
Let w be (2/(-6))/((-2)/(-66)). Let a = 18 + w. What is the units digit of a?
7
Let y(p) = 24*p. Let l be y(1). Suppose -3*k = -0*k - l. What is the units digit of 6/k - (-10)/8?
2
Let s be 8/2 - (-3 - -4). Suppose 0 - s = -m. Suppose 28 = m*b - r, -5*b - 3*r + 65 = 9. What is the tens digit of b?
1
Let t(y) be the third derivative of 1/2*y**3 + 1/8*y**4 + 1/60*y**5 + 0 + 0*y - 2*y**2. What is the units digit of t(-2)?
1
Let s(l) = -18*l**3 - l**2 - 6*l - 2. What is the units digit of s(-2)?
0
Let p(v) = 2*v - 2. Suppose -3 = 3*r + 3. Let n be p(r). What is the units digit of 4/(-1*3/n)?
8
Let s be -78*(0 + (-9)/(-6)). Let t = -78 - s. What is the units digit of t?
9
Suppose -6 - 13 = -h + 3*k, 3*h + 4*k = 5. Suppose -3*g = -q + 9 + h, q + g - 20 = 0. What is the units digit of q?
9
Suppose 4*p - 11 = i - 2*i, -5*p + 15 = 0. Suppose -7*c - 3*b = -2*c - 18, -b = -4*c + 11. Let t = c + i. What is the units digit of t?
2
Suppose y = -5*u + 4*y + 9, -5*u = 5*y - 25. Suppose -4*k = 5*i - 0*k - 147, 0 = -2*i - u*k + 63. What is the tens digit of i?
2
Let f = -13 - -14. Let r(n) = 28*n + 1. What is the units digit of r(f)?
9
Let r(t) = t**2 + 8*t - 3. Let b be r(-9). Suppose -2*w = u - b, -4*w - w + 4*u = -2. What is the units digit of w?
2
Let n be (-27)/(-1) + -2 + -3. Suppose -2*x - 4*s + n = 3*x, 1 = 2*x - s. What is the units digit of x?
2
Suppose 2*z + 2 = -4, 4*z = r - 31. What is the units digit of r?
9
What is the units digit of 74/12 - 6/36?
6
Suppose 4*l = -5*i - 14, 3*l + 10 - 1 = -3*i. What is the units digit of ((-14)/(-8))/(l/(-4))?
7
Let y(i) = 3*i - 4. Suppose 2*b - 3*b + 5*u - 17 = 0, 5*u - 9 = 2*b. What is the tens digit of y(b)?
2
Let g(n) be the first derivative of 3*n**2/2 - n + 1. What is the tens digit of g(11)?
3
What is the hundreds digit of (4/(-2) - -6) + 167?
1
Suppose -4*f - 11 = -3*z, -5*z = 5*f - 4*z - 10. Suppose 3*m - 1 - f = -4*g, -2*m - g = -3. What is the units digit of m - (-2 - -3 - 1)?
2
What is the hundreds digit of 9/18*(368 + 2)?
1
Suppose 5*a + 12 = 4*a. What is the units digit of (-6)/a*(0 + 50)?
5
Suppose -2*d - 5*i + 33 = 0, 2*d = 3*d - 5*i + 21. Let j be (-6 - -4)/((-2)/d). Suppose m = -0*m - 5, x + 11 = -j*m. What is the units digit of x?
9
Let k(u) = u**3 + 7*u**2 - 2*u + 6. What is the units digit of k(-5)?
6
Let x = 107 - 55. Suppose 2*j = 4*h, 5*j + 0*h + x = -3*h. Let g(r) = r**2 + 7*r - 1. What is the units digit of g(j)?
7
Let d(m) = 0*m - 2*m + 0*m + 10. Let v be d(8). What is the units digit of -1 + 3 - v/2?
5
Suppose p = 3 + 2. Suppose -3*x - 12 = 0, 0*f = -2*f - p*x - 14. What is the units digit of f?
3
Let o(q) = 3*q**2 + 1 - q + 0*q**3 + 0*q**2 - q**3. Let g be o(3). What is the units digit of (4 - 1)*(g + 3)?
3
Let o be -1 - (-3 - -2)*1. Suppose 0 = -o*r - 5*r - 40. Let w = -3 - r. What is the units digit of w?
5
Let v = 67 + -37. Let h = -32 + 36. Suppose -2 + v = h*z. What is the units digit of z?
7
Let h be ((-10)/4)/(-5)*10. Suppose -25 = h*k + 35. Let a = -7 - k. What is the units digit of a?
5
Let l(x) be the first derivative of x**2/2 + 2*x + 3. What is the units digit of l(8)?
0
Let m = 11 - 8. Suppose m*y + y = 52. What is the tens digit of y?
1
Suppose -5*a + 258 = 43. Suppose -v - 6*i = -i + a, -v - 39 = i. What is the units digit of 4/6 + v/(-6)?
7
Let h be (-71)/(-3) + 6/18. Suppose -16 = -2*l - 3*t, l + 5*t - h = -2*l. What is the units digit of l?
8
Let r be (3/(-9))/(3/9). What is the units digit of (2 + r)/(1/13)?
3
Let l be ((-39)/(-15) + -3)*-10. What is the units digit of -4*1 + 32/l?
4
Let j(h) = -h - 6. Let u be j(-5). What is the units digit of u/(-2 + (-26)/(-14))?
7
Suppose -4*x = 4*l - 4, 3*l + 2*l + 13 = x. Suppose -5*g = -3*r - 2*r + 10, 4*g = -x*r - 15. What is the units digit of 17 - ((-3 - -6) + g)?
7
Let r = -61 + 94. Let k be 2/(-3) + r/9. Suppose 0 = g - k, t + 9 = -3*g + 22. What is the units digit of t?
4
Suppose 2*o + 22 = -2*s, 0 = 4*o - 2*s + 4*s + 50. Let q = o - -15. What is the units digit of q?
1
Let k(i) = i**3 - 5*i**2 + i - 3. Let w be k(5). Suppose -l = -w*l. What is the units digit of 1 - ((l - -1) + -1)?
1
Suppose 2*v + 27 = k, 0 = 2*k - 2*v - v - 59. What is the tens digit of k?
3
What is the units digit of (-21)/(-1) - (-2 + 1)?
2
Let k be 1/(2/(0 - -8)). Let a(v) = 2*v - 6. Let m be a(k). Suppose 24 = m*d + 3*o - 1, -4*o = 4*d - 40. What is the units digit of d?
5
Suppose 17*l = 16*l + 67. What is the units digit of l?
7
Let g(j) = j**2 - 3*j + 3. Let z be g(2). Let y(o) = 9*o**3 - 2*o**2 + o. What is the units digit of y(z)?
8
Let h(j) = -j**3 + j. Let w(l) = -2*l**3 - 11*l**2 + l - 5. Let p(t) = h(t) - w(t). What is the units digit of p(-11)?
5
Let q(j) = -23*j + 2. What is the units digit of q(-1)?
5
What is the tens digit of 35 + 88/55 + (-2)/(-5)?
3
Let n(x) be the first derivative of x**2/2 + 4*x + 2. Let t be n(4). What is the units digit of (-6)/t - (-54)/8?
6
Suppose -3*j - 4*d + 19 = 0, 3*j + 2*j - 43 = -d. Let p = 11 - j. What is the tens digit of (p/(-4))/((-1)/36)?
1
Let y(b) = -b**3 - 4*b**2 - 7*b + 1. What is the units digit of y(-5)?
1
Suppose -5 = 3*x - 8. Let o = 3 + x. What is the units digit of o?
4
Suppose 409 = 3*m - 4*y + 143, 180 = 2*m - 2*y. What is the tens digit of m?
9
Suppose -5*g - 18 = -43. Suppose -2*a - 9 = g*t, t + 4*t = -4*a + 7. What is the units digit of a?
8
Let l be (-1)/(2/29)*-2. Let c = -15 + l. What is the tens digit of c?
1
Let r(h) = -h**3 - 5*h**2 - h + 1. Suppose t = -t. Let d be -2 + -1 - (t - -2). What is the units digit of r(d)?
6
Let o be (1 - -2)/(-3) - -3. Suppose 34 = o*i - 0. What is the tens digit of i?
1
Let n be (-14)/(-7) - (2 - 2). What is the tens digit of ((-78)/(-9))/(n/6)?
2
Suppose 2*w - 98 = -l - 2*l, 106 = 2*w + 5*l. What is the tens digit of w?
4
Let x(a) = -6*a**2 - 2*a. Let c(v) = 7*v**2 + 3*v. Let i(h) = -4*c(h) - 5*x(h). Let u be i(2). Let m = 3 + u. What is the units digit of m?
7
Let b(k) = k**2 - 19*k + 48. What is the tens digit of b(22)?
1
Suppose -4*k = -5*z - 61, 0 = k + 2*z - 5*z - 10. What is the units digit of k?
9
Suppose 4*p - 404 = -p - 4*f, 4*p = 2*f + 344. What is the units digit of p?
4
Suppose -3*s + 8 = -2*s. What is the units digit of 64/(-12)*(-12)/s?
8
Suppose 7 = 4*n - 149. Suppose 0 = -3*w + n + 9. What is the tens digit of w?
1
Suppose 2 = 2*a - 2*n, -a + 4*n = 2*n + 3. Suppose -2*q = 4*y + 40, 2*y + 33 = a*q + 181. What is the units digit of 8/q - (-58)/7?
8
Let o = -5 - -10. Suppose -2*g + 19 = g - 5*p, 0 = -g + p + o. What is the units digit of g?
3
Let a = 24 - -2. What is the tens digit of a?
2
Let r be 0/3 - -1 - -19. Suppose -5*v = -v - r. Suppose 12 = -3*g + 5*y, 2*g - g = -v*y + 16. What is the units digit of g?
1
Let u = 8 + -6. Suppose -12 = -5*p + 4*i, -5*p + u*i - 4*i - 6 = 0. Suppose -t = -4*g + 25, p*g - 2*t = g - 4. What is the units digit of g?
6
Let f = -100 + 192. What is the units digit of f?
2
Suppose 5*r = -3*s, -8*r = 4*s - 4*r - 8. What is the units digit of -1 + 0 + s + 24?
8
What is the tens digit of (-27)/12*408/(-9)*2?
0
Suppose -10*b + 4*b + 324 = 0. What is the units digit of b?
4
Let w = -43 - -87. What is the units digit of w?
4
Let n be (4 - 2) + -1 + 3. Suppose -4*t + 54 + 2 = n*v, -v - 5*t = -22. What is the tens digit of v?
1
Let s = 0 - -2. Suppose 4*u - 22 + s = 0. Suppose -u*k + 37 = -13. What is the tens digit of k?
1
Suppose 40 = 6*l